{"id":22,"date":"2019-07-02T15:02:48","date_gmt":"2019-07-02T13:02:48","guid":{"rendered":"http:\/\/mikroregion.chlumuvlasimi.cz\/?page_id=22"},"modified":"2026-01-27T17:35:19","modified_gmt":"2026-01-27T16:35:19","slug":"o-nas","status":"publish","type":"page","link":"https:\/\/ceskysmaragd.cz\/?page_id=22","title":{"rendered":"\u00da\u0159edn\u00ed deska"},"content":{"rendered":"<ul>\n<li>\n<h5><a href=\"https:\/\/ceskysmaragd.cz\/wp-content\/uploads\/2026\/01\/Mikroregion-schvalny-rozpoct-2026.pdf\"><strong>Schv\u00e1len\u00fd vyrovnan\u00fd rozpo\u010det na rok 2026<\/strong><\/a><\/h5>\n<\/li>\n<\/ul>\n<p>zve\u0159ejn\u011bno: od 14.1.2026 do 31.1.2027<\/p>\n<ul>\n<li>\n<h5><a href=\"https:\/\/ceskysmaragd.cz\/wp-content\/uploads\/2025\/12\/Prispevky_obci-na-rok-2026_mikroregion.pdf\"><strong>P\u0159\u00edsp\u011bvky obc\u00ed na rok 2026<\/strong><\/a><\/h5>\n<\/li>\n<\/ul>\n<p>zve\u0159ejn\u011bno: 28.11.2025<\/p>\n<ul>\n<li>\n<h5><a href=\"https:\/\/ceskysmaragd.cz\/wp-content\/uploads\/2025\/12\/Mikroregion_navrh_rozpoctu_2026.pdf\"><strong>N\u00e1vrh vyrovnan\u00e9ho rozpo\u010dtu na rok 2026<\/strong><\/a><\/h5>\n<\/li>\n<\/ul>\n<p>zve\u0159ejn\u011bno: od 28.11.2025 do 31.1.2026<\/p>\n<ul>\n<li>\n<h5><a href=\"https:\/\/ceskysmaragd.cz\/wp-content\/uploads\/2025\/07\/Schvaleny-zaverecny-ucet-za-rok-2024-mikroregion.pdf\"><strong>Schv\u00e1len\u00fd z\u00e1v\u011bre\u010dn\u00fd \u00fa\u010det za rok 2024<\/strong><\/a><\/h5>\n<\/li>\n<li><a href=\"https:\/\/ceskysmaragd.cz\/wp-content\/uploads\/2025\/06\/vysledovka-sestava.pdf\">P\u0159\u00edloha 1<\/a><\/li>\n<li><a href=\"https:\/\/ceskysmaragd.cz\/wp-content\/uploads\/2025\/06\/rozvaha-sestava.pdf\">P\u0159\u00edloha 2<\/a><\/li>\n<li><a href=\"https:\/\/ceskysmaragd.cz\/wp-content\/uploads\/2025\/06\/priloha.pdf\">P\u0159\u00edloha 3<\/a><\/li>\n<li><a href=\"https:\/\/ceskysmaragd.cz\/wp-content\/uploads\/2025\/06\/FIN-sestava.pdf\">P\u0159\u00edloha 4<\/a><\/li>\n<li><a href=\"https:\/\/ceskysmaragd.cz\/wp-content\/uploads\/2025\/06\/Zaznam_o_projednani_zpravy_KUSK_-_Mikroregion_Cesky_Smaragd_dobrovolny_svazek_obci_01.01.2024_-_31.12.2024_.pdf\">Zaznam o projednani zpravy KUSK<\/a><\/li>\n<li><a href=\"https:\/\/ceskysmaragd.cz\/wp-content\/uploads\/2025\/06\/Zprava_digital_-_Mikroregion_Cesky_Smaragd_dobrovolny_svazek_obci_01.01.2024_-_31.12.2024_.pdf\">Zpr\u00e1va o v\u00fdsledku hospoda\u0159en\u00ed za rok 2024(dso.pdf)<\/a><\/li>\n<\/ul>\n<p>zve\u0159ejn\u011bno: od 16.7.2025 do 31.7.2026<\/p>\n<ul>\n<li>\n<h5><a href=\"https:\/\/ceskysmaragd.cz\/wp-content\/uploads\/2025\/01\/Schvaleny-vyrovnany-rozpocet-na-rok-na-rok-2025-Mikroregion-Cesky-smaragd.pdf\"><strong>Schv\u00e1len\u00fd vyrovnan\u00fd rozpo\u010det na rok 2025<\/strong><\/a><\/h5>\n<\/li>\n<\/ul>\n<p>zve\u0159ejn\u011bno: od 8.1.2025 do 31.1.2026<\/p>\n<ul>\n<li>\n<h5><a href=\"https:\/\/ceskysmaragd.cz\/wp-content\/uploads\/2024\/11\/Prispevky_obci-na-rok-2025_mikroregion.pdf\"><strong>P\u0159\u00edsp\u011bvky obc\u00ed na rok 2025<\/strong><\/a><\/h5>\n<\/li>\n<\/ul>\n<p>zve\u0159ejn\u011bno: 27.11.2024<\/p>\n<ul>\n<li>\n<h5><a href=\"https:\/\/ceskysmaragd.cz\/wp-content\/uploads\/2024\/11\/Mikroregion_navrh-rozpoctu-2025.pdf\"><strong>N\u00e1vrh vyrovnan\u00e9ho rozpo\u010dtu na rok 2025<\/strong><\/a><\/h5>\n<\/li>\n<\/ul>\n<p>zve\u0159ejn\u011bno: od 27.11.2024 do 31.1.2025<\/p>\n<ul><\/ul>\n<ul>\n<li>\n<h5><a href=\"https:\/\/ceskysmaragd.cz\/wp-content\/uploads\/2024\/03\/Mikroregion-rozpocet-2024-schvaleny.pdf\"><strong>Schv\u00e1len\u00fd vyrovnan\u00fd rozpo\u010det na rok 2024<\/strong><\/a><\/h5>\n<\/li>\n<\/ul>\n<p>zve\u0159ejn\u011bno: od 15.1.2024 do 31.1.2025<\/p>\n<ul>\n<li>\n<h5><a href=\"https:\/\/ceskysmaragd.cz\/wp-content\/uploads\/2023\/01\/Strednedoby-vyhled-ropoctu-2023-2027-shvaleny_DSO-Cesky-smaragd.pdf\"><strong>Schv\u00e1len\u00fd rozpo\u010dtov\u00fd v\u00fdhled 2023 &#8211; 2027<\/strong><\/a><\/h5>\n<\/li>\n<\/ul>\n<p>zve\u0159ejn\u011bno: od 18.1.2023 do 31.1. 2028<\/p>\n<ul><\/ul>\n<p>&nbsp;<\/p>\n<p>&nbsp;<\/p>\n<h1 style=\"text-align: center;\"><a href=\"https:\/\/ceskysmaragd.cz\/?page_id=874\">Archiv \u00fa\u0159edn\u00ed desky<\/a><\/h1>\n<p style=\"text-align: center;\">(klikni na odkaz pro zobrazen\u00ed str\u00e1nky)<\/p>\n<p>&nbsp;<\/p>\n<p>&nbsp;<\/p>\n<p style=\"text-align: center;\"><img loading=\"lazy\" decoding=\"async\" class=\"size-medium wp-image-17 alignright\" alt=\"\" src=\"https:\/\/ceskysmaragd.cz\/wp-content\/uploads\/2019\/07\/cesky_smaragd_logo_title-300x39.png\" width=\"300\" height=\"39\" srcset=\"https:\/\/ceskysmaragd.cz\/wp-content\/uploads\/2019\/07\/cesky_smaragd_logo_title-300x39.png 300w, https:\/\/ceskysmaragd.cz\/wp-content\/uploads\/2019\/07\/cesky_smaragd_logo_title.png 600w\" sizes=\"auto, (max-width: 300px) 100vw, 300px\" \/><\/p>\n<p style=\"text-align: center;\">\n","protected":false},"excerpt":{"rendered":"<p>Schv\u00e1len\u00fd vyrovnan\u00fd rozpo\u010det na rok 2026 zve\u0159ejn\u011bno: od 14.1.2026 do 31.1.2027 P\u0159\u00edsp\u011bvky obc\u00ed na rok 2026 zve\u0159ejn\u011bno: 28.11.2025 N\u00e1vrh vyrovnan\u00e9ho rozpo\u010dtu na rok 2026 zve\u0159ejn\u011bno: od 28.11.2025 do 31.1.2026 Schv\u00e1len\u00fd z\u00e1v\u011bre\u010dn\u00fd \u00fa\u010det za rok 2024 P\u0159\u00edloha 1 P\u0159\u00edloha 2 P\u0159\u00edloha 3 P\u0159\u00edloha 4 Zaznam o projednani zpravy KUSK Zpr\u00e1va o [&hellip;]<\/p>\n","protected":false},"author":4,"featured_media":0,"parent":0,"menu_order":0,"comment_status":"closed","ping_status":"closed","template":"","meta":{"footnotes":""},"class_list":["post-22","page","type-page","status-publish","hentry"],"_links":{"self":[{"href":"https:\/\/ceskysmaragd.cz\/index.php?rest_route=\/wp\/v2\/pages\/22","targetHints":{"allow":["GET"]}}],"collection":[{"href":"https:\/\/ceskysmaragd.cz\/index.php?rest_route=\/wp\/v2\/pages"}],"about":[{"href":"https:\/\/ceskysmaragd.cz\/index.php?rest_route=\/wp\/v2\/types\/page"}],"author":[{"embeddable":true,"href":"https:\/\/ceskysmaragd.cz\/index.php?rest_route=\/wp\/v2\/users\/4"}],"replies":[{"embeddable":true,"href":"https:\/\/ceskysmaragd.cz\/index.php?rest_route=%2Fwp%2Fv2%2Fcomments&post=22"}],"version-history":[{"count":89,"href":"https:\/\/ceskysmaragd.cz\/index.php?rest_route=\/wp\/v2\/pages\/22\/revisions"}],"predecessor-version":[{"id":896,"href":"https:\/\/ceskysmaragd.cz\/index.php?rest_route=\/wp\/v2\/pages\/22\/revisions\/896"}],"wp:attachment":[{"href":"https:\/\/ceskysmaragd.cz\/index.php?rest_route=%2Fwp%2Fv2%2Fmedia&parent=22"}],"curies":[{"name":"wp","href":"https:\/\/api.w.org\/{rel}","templated":true}]}}